mainder when 325 is divided by 56?
45
What is the remainder when 777 is divided by 129?
3
What is the remainder when 150 is divided by 112?
38
Calculate the remainder when 1405 is divided by 27.
1
What is the remainder when 83 is divided by 21?
20
Calculate the remainder when 73 is divided by 19.
16
What is the remainder when 3309 is divided by 24?
21
What is the remainder when 1115 is divided by 300?
215
What is the remainder when 137 is divided by 7?
4
Calculate the remainder when 2444 is divided by 486.
14
What is the remainder when 87 is divided by 18?
15
Calculate the remainder when 578 is divided by 287.
4
What is the remainder when 4959 is divided by 160?
159
Calculate the remainder when 348 is divided by 45.
33
What is the remainder when 60 is divided by 29?
2
Calculate the remainder when 2987 is divided by 83.
82
Calculate the remainder when 60 is divided by 21.
18
Calculate the remainder when 90 is divided by 24.
18
Calculate the remainder when 94 is divided by 5.
4
Calculate the remainder when 102 is divided by 32.
6
Calculate the remainder when 488 is divided by 149.
41
Calculate the remainder when 506 is divided by 18.
2
What is the remainder when 1802 is divided by 40?
2
What is the remainder when 241 is divided by 9?
7
What is the remainder when 403 is divided by 81?
79
Calculate the remainder when 873 is divided by 176.
169
Calculate the remainder when 149 is divided by 77.
72
What is the remainder when 951 is divided by 18?
15
What is the remainder when 45836 is divided by 86?
84
Calculate the remainder when 200 is divided by 67.
66
What is the remainder when 2941 is divided by 16?
13
What is the remainder when 116 is divided by 66?
50
Calculate the remainder when 597 is divided by 75.
72
Calculate the remainder when 409 is divided by 108.
85
Calculate the remainder when 134 is divided by 6.
2
Calculate the remainder when 2454 is divided by 27.
24
Calculate the remainder when 1253 is divided by 625.
3
Calculate the remainder when 522 is divided by 75.
72
Calculate the remainder when 648 is divided by 3.
0
What is the remainder when 9072 is divided by 4528?
16
What is the remainder when 219 is divided by 33?
21
Calculate the remainder when 5659 is divided by 48.
43
What is the remainder when 60 is divided by 13?
8
What is the remainder when 202 is divided by 83?
36
What is the remainder when 4 is divided by 4?
0
Calculate the remainder when 786 is divided by 392.
2
Calculate the remainder when 851 is divided by 71.
70
Calculate the remainder when 95405 is divided by 13.
11
What is the remainder when 599 is divided by 25?
24
What is the remainder when 44686 is divided by 147?
145
Calculate the remainder when 76 is divided by 8.
4
What is the remainder when 585 is divided by 50?
35
What is the remainder when 136 is divided by 42?
10
Calculate the remainder when 438 is divided by 53.
14
What is the remainder when 196 is divided by 185?
11
Calculate the remainder when 171 is divided by 151.
20
Calculate the remainder when 926 is divided by 129.
23
Calculate the remainder when 1195 is divided by 172.
163
Calculate the remainder when 2158 is divided by 72.
70
What is the remainder when 669 is divided by 48?
45
What is the remainder when 18928 is divided by 4729?
12
What is the remainder when 47 is divided by 29?
18
What is the remainder when 409 is divided by 54?
31
Calculate the remainder when 3633 is divided by 34.
29
Calculate the remainder when 342 is divided by 49.
48
What is the remainder when 207 is divided by 49?
11
Calculate the remainder when 78 is divided by 9.
6
Calculate the remainder when 3700 is divided by 57.
52
What is the remainder when 3232 is divided by 5?
2
Calculate the remainder when 122 is divided by 65.
57
Calculate the remainder when 489 is divided by 33.
27
What is the remainder when 3285 is divided by 24?
21
What is the remainder when 57 is divided by 29?
28
Calculate the remainder when 14 is divided by 5.
4
What is the remainder when 391 is divided by 63?
13
Calculate the remainder when 44 is divided by 8.
4
What is the remainder when 215 is divided by 54?
53
What is the remainder when 143 is divided by 95?
48
What is the remainder when 124 is divided by 21?
19
Calculate the remainder when 823 is divided by 404.
15
What is the remainder when 94 is divided by 72?
22
What is the remainder when 221 is divided by 16?
13
Calculate the remainder when 1165 is divided by 22.
21
Calculate the remainder when 2746 is divided by 12.
10
Calculate the remainder when 8006 is divided by 286.
284
Calculate the remainder when 614 is divided by 71.
46
Calculate the remainder when 724 is divided by 75.
49
What is the remainder when 989 is divided by 32?
29
Calculate the remainder when 367 is divided by 106.
49
Calculate the remainder when 427 is divided by 39.
37
What is the remainder when 641 is divided by 98?
53
What is the remainder when 559 is divided by 33?
31
What is the remainder when 271 is divided by 71?
58
What is the remainder when 115 is divided by 9?
7
Calculate the remainder when 59 is divided by 6.
5
What is the remainder when 1532 is divided by 32?
28
Calculate the remainder when 768 is divided by 101.
61
What is the remainder when 2769 is divided by 63?
60
Calculate the remainder when 901 is divided by 43.
41
Calculate the remainder when 10583 is divided by 31.
12
What is the remainder when 1400 is divided by 28?
0
What is the remainder when 309 is divided by 85?
54
Calculate the remainder when 522 is divided by 21.
18
What is the remainder when 3474 is divided by 139?
138
Calculate the remainder when 3420 is divided by 23.
16
What is the remainder when 3580 is divided by 14?
10
What is the remainder when 86 is divided by 8?
6
What is the remainder when 1815 is divided by 91?
86
What is the remainder when 2219 is divided by 118?
95
What is the remainder when 1301 is divided by 429?
14
Calculate the remainder when 2453 is divided by 612.
5
Calculate the remainder when 907 is divided by 4.
3
What is the remainder when 220 is divided by 32?
28
What is the remainder when 1509 is divided by 8?
5
Calculate the remainder when 4814 is divided by 33.
29
What is the remainder when 30 is divided by 20?
10
What is the remainder when 263 is divided by 91?
81
Calculate the remainder when 204 is divided by 3.
0
What is the remainder when 320 is divided by 57?
35
Calculate the remainder when 589 is divided by 85.
79
Calculate the remainder when 255 is divided by 35.
10
What is the remainder when 159 is divided by 75?
9
Calculate the remainder when 188 is divided by 9.
8
What is the remainder when 736 is divided by 253?
230
Calculate the remainder when 26385 is divided by 406.
401
What is the remainder when 102 is divided by 22?
14
Calculate the remainder when 1357 is divided by 20.
17
Calculate the remainder when 1747 is divided by 159.
157
What is the remainder when 292 is divided by 68?
20
What is the remainder when 1004 is divided by 350?
304
What is the remainder when 1301 is divided by 221?
196
Calculate the remainder when 465 is divided by 116.
1
Calculate the remainder when 19749 is divided by 50.
49
Calculate the remainder when 611 is divided by 159.
134
What is the remainder when 1552 is divided by 511?
19
Calculate the remainder when 344 is divided by 23.
22
What is the remainder when 114 is divided by 15?
9
What is the remainder when 712 is divided by 108?
64
What is the remainder when 1988 is divided by 104?
12
Calculate the remainder when 135 is divided by 52.
31
Calculate the remainder when 67 is divided by 33.
1
What is the remainder when 885 is divided by 183?
153
What is the remainder when 444 is divided by 132?
48
Calculate the remainder when 221 is divided by 14.
11
Calculate the remainder when 5314 is divided by 885.
4
Calculate the remainder when 2508 is divided by 81.
78
Calculate the remainder when 382 is divided by 20.
2
What is the remainder when 69 is divided by 10?
9
What is the remainder when 4461 is divided by 279?
276
Calculate the remainder when 159 is divided by 40.
39
What is the remainder when 2232 is divided by 19?
9
What is the remainder when 252 is divided by 32?
28
What is the remainder when 3658 is divided by 5?
3
Calculate the remainder when 611 is divided by 39.
26
What is the r